en l is divided by i.
17
Let u = -31 - -38. What is the remainder when 39 is divided by u?
4
Let i = -6 + 9. Calculate the remainder when 10 + (1 - i - -3) is divided by (-18)/(-4)*(-8)/(-6).
5
Let d = 14 + -7. Calculate the remainder when 24 is divided by d.
3
Suppose -5*r + 27 = 7, 2*r = -g + 20. What is the remainder when 35 is divided by g?
11
Suppose -x + 76 = -4*l - 19, 0 = x + 4*l - 71. What is the remainder when x is divided by 28?
27
Suppose 52 + 8 = 5*a - 4*j, a = -2*j + 26. What is the remainder when 46 is divided by a?
14
Let b(q) = 0*q + 0*q + 2*q + 0 - 1. What is the remainder when 1 is divided by b(1)?
0
Let h = -116 - -177. Suppose 19 = -5*b - 4*g + h, -5*b + 58 = -4*g. What is the remainder when b is divided by 4?
2
Let f(v) = v + 1. Let m be f(11). Calculate the remainder when (m - (-2 - -2)) + 0 is divided by 7.
5
Let a = 49 - 26. Let p(h) = h**3 - 4*h**2 + 5*h + 4. Let c be p(4). Suppose 2*d = -d + c. Calculate the remainder when a is divided by d.
7
Let z = 71 + -63. Let g(h) = -5*h**3 + h**2 - h - 1. Let j be g(-1). Suppose -t + j = -z. What is the remainder when 53 is divided by t?
11
Let n(f) = -f**3 - 2*f**2 - 2*f - 1. Let h be (3 + -3)/(6/3). Suppose -a + h = -7. What is the remainder when a is divided by n(-2)?
1
Suppose 4*o - 92 = -2*y, 0 = -11*o + 13*o - 5*y - 22. What is the remainder when (-39)/2*(-2)/1 is divided by o?
18
Let c(z) = -z**3 + 3*z + 3. Let p be c(3). Let s = p + 21. What is the remainder when 16 is divided by s/((16/(-6))/(-4))?
7
What is the remainder when 19 is divided by 7/(-2)*(-3 + 1)?
5
Suppose -f + 5*j + 19 = 0, 5*f + 5*j = 4*j + 17. Suppose -2*w + 6 = -f*w, -l + 4*w = -25. What is the remainder when 24 is divided by l?
11
Let y = 2 - 0. Suppose -y*n = -3*n - 3*i - 2, -2*n + 5*i = -7. What is the remainder when (-48)/(-30) - 2/(-5) is divided by n?
0
Suppose 4*s - 54 - 54 = 0. Suppose -5*x - 10 = 0, -4*w + x = -0*x - 318. Calculate the remainder when w is divided by s.
25
Let u(k) = -5 + 7*k + 1 - 8. What is the remainder when u(9) is divided by 13?
12
Suppose -5*i + 0*i - 10 = 0, -34 = -k + 4*i. Suppose k - 113 = -3*x. What is the remainder when x is divided by 15?
14
Suppose -3*l + 5 = -h, -4*l + 4*h = -2 - 2. Let u be l/5 + 39/15. Suppose 2*o - u - 5 = 0. What is the remainder when 6 is divided by o?
2
Let v be -3*1*(-1 + 2). Let q(z) = -21*z - 21. Let d(y) = -5*y - 5. Let a(i) = 9*d(i) - 2*q(i). What is the remainder when 11 is divided by a(v)?
5
Suppose 2*i = 2 - 4. Calculate the remainder when (-28)/8*(-80)/14 is divided by 2 + i/2*-10.
6
Suppose 3*n - 35 = 19. Suppose -126 - 12 = -4*m - y, -m - 2*y + 38 = 0. What is the remainder when m is divided by n?
16
Let b(t) = -t**3 + 4*t**2 + 3*t - 4. Let o be (-1 - (-2 + -65))*1. Suppose o = c + 2*c. Calculate the remainder when c is divided by b(4).
6
Suppose 0*r = -2*r + 64. Calculate the remainder when r is divided by 17.
15
Let b(k) = k**3 + 5*k**2 - 10*k - 14. Calculate the remainder when 48 is divided by b(-6).
8
What is the remainder when (-18)/81 - (-236)/9 is divided by 14?
12
Let f = -109 + 129. Let z(x) = -x + 4. Let s be z(0). Suppose -31 = -5*b + s. Calculate the remainder when f is divided by b.
6
Let i = 10 - -9. Calculate the remainder when 29 is divided by i.
10
Suppose 4*f = 3*k - 26, -4*k + 4*f = 3*f - 26. Calculate the remainder when 16 is divided by k.
4
Suppose -2*m + 8 = 3*r, -2*r + 8 = 2*m - 0*m. Calculate the remainder when 10 is divided by m.
2
Let i(j) = 20*j + 2*j - 7*j + 3. What is the remainder when i(5) is divided by 20?
18
Suppose 42 + 18 = s. Suppose 3*k - 35 = -r, 4*k + 0*r - s = -4*r. What is the remainder when k is divided by 4?
2
Let g = -76 + 122. What is the remainder when g is divided by 24?
22
Let o(p) = 9*p**2 + p. Suppose -x = 5 - 3, -4*x - 47 = -3*t. What is the remainder when t is divided by o(-1)?
5
Suppose -4*x + 3*q - 8*q = -34, 0 = 3*x + 5*q - 28. Let t be ((-6)/(-4))/(x/32). Let w = t - -11. What is the remainder when w is divided by 7?
5
Suppose -5*s - 222 = -4*n, -8*n + 269 = -3*n - 2*s. What is the remainder when n is divided by 27?
26
Calculate the remainder when 8 is divided by 18/4 - 6/(-4).
2
Let j(q) = q**2 + 5*q - 3. What is the remainder when 187 is divided by j(3)?
19
Let k be (8/(-10))/((-4)/20). Suppose -k*h - 4*b + 1 = -35, -4*b - 16 = 0. Calculate the remainder when h is divided by 7.
6
Suppose 8 = -4*v + 8*v. Suppose -26 = -v*z - 0. Calculate the remainder when 36 is divided by z.
10
Suppose -98 - 46 = 2*a. Calculate the remainder when 25 is divided by (2/4)/((-4)/a).
7
Suppose n - 14 = -j, 5*n - 38 = 2*j + j. Suppose 6*c + 104 = 10*c - x, -3*c = -4*x - 65. Calculate the remainder when c is divided by n.
7
Let m = -6 - -11. Suppose -1 = -3*d - 7. Let x = d + 5. What is the remainder when m is divided by x?
2
Suppose 5*l = -5*k + l + 89, 0 = 3*l - 3. What is the remainder when k is divided by 9?
8
Suppose 6*q - q - 430 = 0. Suppose -74 = -5*t + q. What is the remainder when t is divided by 11?
10
Let f(s) = s**2 + 5*s + 6. Let c be f(-4). Suppose -4*g + 6 = 2*q, -2*q - 3 = -3*g - c*g. Calculate the remainder when q is divided by 1.
0
Let n = 3 + 3. Let p = n - 1. Suppose 5*b - 222 = -4*y, 4*y + 209 + 29 = p*b. What is the remainder when b is divided by 16?
14
Let b(o) = o**2 - 6*o + 5. Let s be b(4). Let r(a) = -a + 3. Let m be r(s). Suppose -m*j + 6 = -3*j. Calculate the remainder when 5 is divided by j.
1
Let b(t) = 3*t. Calculate the remainder when 34 is divided by b(3).
7
Let p = 12 + 1. Let o = 58 - 9. What is the remainder when o is divided by p?
10
Let t = -31 + 51. Suppose 20 = -5*y, 3*m = -2*y + 3 + 1. Suppose 0 = -m*x + 2*x + 22. Calculate the remainder when t is divided by x.
9
Suppose 0*j - 16 = -4*j, 5*a - 4*j = 329. What is the remainder when a is divided by 24?
21
Suppose 0 = 5*j + 17 - 77. Suppose 0 = -5*k + 5*b + 30, -2*b + j = 5*k + 2*b. Suppose -6*a = -2*a - 8. What is the remainder when k is divided by a?
0
Let r(l) = l - 7. Let f be r(10). Suppose -5*g + 240 = -0*k + 3*k, 5*g - f*k = 210. Calculate the remainder when g is divided by 16.
13
Suppose 3 = -l - 2*i, -2*i = 5*l - 3*i + 26. What is the remainder when 26 is divided by ((-4)/10)/(l/175)?
12
Suppose 3 + 5 = 5*s - 2*i, -3*i + 3 = 0. Let y(m) = -m - 1. What is the remainder when s is divided by y(-2)?
0
Suppose 0*q - 32 = -q. Let h = -16 - -33. What is the remainder when q is divided by h?
15
Let n(o) = o**2 + 3*o - 2. Let p be n(-5). Let k = p + -3. Calculate the remainder when k is divided by 3.
2
Let v(q) = 2*q**2 - 7*q + 3. Calculate the remainder when 33 is divided by v(5).
15
Suppose 4*p = 4*a + 68, 2*p + 4*a = 4*p - 40. What is the remainder when p is divided by (-6)/14 - 114/(-21)?
4
Let a(u) = -u**2 + 14*u - 10. Suppose 4*t - 8 = 3*y, 4*t + 3*y = 7*t - 9. Calculate the remainder when (-816)/(-20) + t/(-5) is divided by a(12).
13
Let u(q) = -q + 39. Calculate the remainder when u(-12) is divided by 9.
6
Let b(y) = 5*y + 6. Calculate the remainder when b(3) is divided by 6.
3
Let n = 18 - 41. Let w = n + 29. What is the remainder when w is divided by ((-6)/(-4))/((-2)/(-4))?
0
Let a = 96 + -16. Calculate the remainder when a is divided by 27.
26
Calculate the remainder when 12 is divided by 2/4*1*14.
5
Suppose -11*g + 8*g = -27. What is the remainder when 43 is divided by g?
7
Let g(v) = -2*v + 2*v - 2*v + v + 9. Let f(m) = m**2 - 2*m - 2. What is the remainder when f(-5) is divided by g(0)?
6
Suppose 0 = -2*c - 2*d + 250, 0 = -4*c - 5*d + 129 + 371. What is the remainder when c is divided by 32?
29
Suppose 2*t - 21 = -t. What is the remainder when -70*(-3)/6 - 1 is divided by t?
6
Let z(j) = 107*j**2 - 3*j + 2. Calculate the remainder when z(1) is divided by 36.
34
What is the remainder when 3 - (-2)/1 - -101 is divided by 14?
8
Let k = 71 - 41. What is the remainder when 56 is divided by k?
26
Let k(f) = f**3 - 7*f**2 + 8*f - 9. Let o be ((-6)/(-7))/(5/35). Let g be k(o). What is the remainder when (-8)/g*(-15 + 3) is divided by 11?
10
Let j = -14 - -5. Let o be -2 + 3*(-3)/j. Calculate the remainder when -1 - o/((-2)/(-10)) is divided by 3.
1
Let p be (-644)/(-16) + 1/(-4). Suppose 3*f - p = -f. Calculate the remainder when 28 is divided by f.
8
Suppose 0*g + 4*g = 2*n - 48, 0 = 3*n + g -